{"id":11,"date":"2009-01-01T11:11:03","date_gmt":"2009-01-01T09:11:03","guid":{"rendered":"http:\/\/www.psy-sarthe.com\/?page_id=11"},"modified":"2019-01-09T18:34:11","modified_gmt":"2019-01-09T17:34:11","slug":"depression","status":"publish","type":"page","link":"https:\/\/www.psy-sarthe.com\/?page_id=11","title":{"rendered":"D\u00e9pression"},"content":{"rendered":"<p><span style=\"color: #ff6600;\">Le terme d\u00e9pression, du latin depressio, \u00ab\u00a0enfoncement\u00a0\u00bb, d\u00e9signe une maladie pour certains, ou un syndrome pour d&rsquo;autres, dont la manifestation centrale est un \u00e9tat mental caract\u00e9ris\u00e9 par une lassitude importante, une d\u00e9pr\u00e9ciation de soi, un pessimisme qui entra\u00eenent des perturbations importantes dans les rapports psycho-affectifs.<\/span><\/p>\n<p><span style=\"color: #ff6600;\">C&rsquo;est une maladie fr\u00e9quente, qui affecte presque 20% des gens au cours de leur vie, et qui marque une rupture avec le fonctionnement psychologique habituel du patient. Le risque \u00e9volutif le plus grave de cette pathologie est le suicide, en particulier quand elle n&rsquo;a pu \u00eatre d\u00e9tect\u00e9e et prise en charge. Ainsi, pr\u00e8s de 70% des personnes d\u00e9c\u00e9dant par suicide en France souffraient d&rsquo;une d\u00e9pression le plus souvent non diagnostiqu\u00e9e et non trait\u00e9e.<\/span><\/p>\n<p><span style=\"color: #ff6600;\">Il ne faut pas confondre la d\u00e9pression avec ce qu&rsquo;on appelle commun\u00e9ment \u00ab\u00a0coup de blues\u00a0\u00bb ou \u00ab\u00a0d\u00e9prime\u00a0\u00bb qui traduit une tristesse passag\u00e8re, normale dans une situation difficile.<\/span><\/p>\n<p><span style=\"color: #ff6600;\">On observe au cours de la d\u00e9pression un ensemble de sympt\u00f4mes organis\u00e9s<\/span> <span style=\"color: #ff6600;\">autour d&rsquo;une perturbation de l&rsquo;humeur dite humeur d\u00e9pressive (ou thymie d\u00e9pressive). Par le terme humeur, on d\u00e9signe la disposition affective de base donnant un \u00e9prouv\u00e9 agr\u00e9able ou d\u00e9sagr\u00e9able oscillant entre les deux p\u00f4les extr\u00eames du plaisir et de la douleur. L\u2019humeur peut \u00eatre normale (on parle alors d\u2019euthymie), expansive ou hyperthymique comme dans le syndrome maniaque, ou encore triste voire m\u00e9lancolique comme dans le syndrome d\u00e9pressif.<\/span><\/p>\n<p><span style=\"color: #ff6600;\">L&rsquo;humeur d\u00e9pressive est un \u00e9prouv\u00e9 n\u00e9gatif (distorsions cognitives) de la relation du sujet au monde et \u00e0 lui-m\u00eame : sentiment que sa vie est un \u00e9chec, la situation sans espoir, l\u2019avenir impossible, perte du plaisir (anh\u00e9donie) et d\u2019int\u00e9r\u00eat. Au cours du syndrome m\u00e9lancolique, cette sensation p\u00e9nible est pouss\u00e9e \u00e0 son paroxysme, et l&rsquo;on parle alors de douleur morale.<\/span><\/p>\n<p><span style=\"color: #ff6600;\">La vari\u00e9t\u00e9 des sympt\u00f4mes associ\u00e9s \u00e0 cette perturbation de l&rsquo;humeur, des profils \u00e9volutifs, des contextes d&rsquo;apparition a conduit \u00e0 proposer des classifications des troubles d\u00e9pressifs, lesquelles ont vari\u00e9 au cours du temps. Il est utile \u00e9galement de diff\u00e9rencier les d\u00e9pressions des diff\u00e9rents \u00e2ges de la vie, qui conduisent \u00e0 des tableaux bien diff\u00e9rents.<\/span><\/p>\n<p><span style=\"color: #ff6600;\">La d\u00e9pression chez l&rsquo;adulte :<\/span><\/p>\n<p><span style=\"color: #ff6600;\">Du point de vue de la psychiatrie, la d\u00e9pression est un trouble de l&rsquo;humeur pouvant r\u00e9sulter de l&rsquo;interaction d&rsquo;un ensemble de facteurs :<\/span><\/p>\n<ul>\n<li><span style=\"color: #ff6600;\">biologiques (d\u00e9s\u00e9quilibre dans la chimie des neurotransmetteurs du cerveau),<\/span><\/li>\n<li><span style=\"color: #ff6600;\">psychologiques (intrapsychiques)<\/span><\/li>\n<li><span style=\"color: #ff6600;\">sociaux (ex : divorce, ch\u00f4mage,etc.) <\/span><\/li>\n<\/ul>\n<p><span style=\"color: #ff6600;\">Dans cette perspective, il s&rsquo;agit d&rsquo;un trouble psychiatrique, comportant souvent des risques, pouvant parfois mener au suicide. Du point de vue \u00e9pid\u00e9miologique, les chercheurs estiment que cette maladie est sous diagnostiqu\u00e9e, sous-estim\u00e9e et sous-trait\u00e9e. Elle se manifeste la plupart du temps par une conjonction et\/ou une addition de sympt\u00f4mes comme :<\/span><\/p>\n<ul>\n<li><span style=\"color: #ff6600;\">troubles du sommeil ; <\/span><\/li>\n<li><span style=\"color: #ff6600;\">manque d&rsquo;\u00e9nergie, de motivation ; <\/span><\/li>\n<li><span style=\"color: #ff6600;\">humeur triste ; <\/span><\/li>\n<li><span style=\"color: #ff6600;\">irritabilit\u00e9 ; mal de vivre\u00a0;<\/span><\/li>\n<li><span style=\"color: #ff6600;\">etc. <\/span><\/li>\n<\/ul>\n<p><span style=\"color: #ff6600;\">Chez l&rsquo;enfant et l&rsquo;adolescent, les d\u00e9pressions se manifestent de mani\u00e8re moins typique avec des sympt\u00f4mes variables qui cachent la tristesse ou le d\u00e9sespoir.<\/span><\/p>\n","protected":false},"excerpt":{"rendered":"<p>Le terme d\u00e9pression, du latin depressio, \u00ab\u00a0enfoncement\u00a0\u00bb, d\u00e9signe une maladie pour certains, ou un syndrome pour d&rsquo;autres, dont la manifestation centrale est un \u00e9tat mental caract\u00e9ris\u00e9 par une lassitude importante, une d\u00e9pr\u00e9ciation de soi, un pessimisme qui entra\u00eenent des perturbations importantes dans les rapports psycho-affectifs. C&rsquo;est une maladie fr\u00e9quente, qui affecte presque 20% des gens &hellip; <\/p>\n<p class=\"link-more\"><a href=\"https:\/\/www.psy-sarthe.com\/?page_id=11\" class=\"more-link\">Continuer la lecture<span class=\"screen-reader-text\"> de &laquo;&nbsp;D\u00e9pression&nbsp;&raquo;<\/span><\/a><\/p>\n","protected":false},"author":1,"featured_media":0,"parent":5,"menu_order":1,"comment_status":"closed","ping_status":"open","template":"","meta":{"footnotes":""},"class_list":["post-11","page","type-page","status-publish","hentry"],"_links":{"self":[{"href":"https:\/\/www.psy-sarthe.com\/index.php?rest_route=\/wp\/v2\/pages\/11","targetHints":{"allow":["GET"]}}],"collection":[{"href":"https:\/\/www.psy-sarthe.com\/index.php?rest_route=\/wp\/v2\/pages"}],"about":[{"href":"https:\/\/www.psy-sarthe.com\/index.php?rest_route=\/wp\/v2\/types\/page"}],"author":[{"embeddable":true,"href":"https:\/\/www.psy-sarthe.com\/index.php?rest_route=\/wp\/v2\/users\/1"}],"replies":[{"embeddable":true,"href":"https:\/\/www.psy-sarthe.com\/index.php?rest_route=%2Fwp%2Fv2%2Fcomments&post=11"}],"version-history":[{"count":5,"href":"https:\/\/www.psy-sarthe.com\/index.php?rest_route=\/wp\/v2\/pages\/11\/revisions"}],"predecessor-version":[{"id":253,"href":"https:\/\/www.psy-sarthe.com\/index.php?rest_route=\/wp\/v2\/pages\/11\/revisions\/253"}],"up":[{"embeddable":true,"href":"https:\/\/www.psy-sarthe.com\/index.php?rest_route=\/wp\/v2\/pages\/5"}],"wp:attachment":[{"href":"https:\/\/www.psy-sarthe.com\/index.php?rest_route=%2Fwp%2Fv2%2Fmedia&parent=11"}],"curies":[{"name":"wp","href":"https:\/\/api.w.org\/{rel}","templated":true}]}}