{"id":14,"date":"2009-01-01T11:11:34","date_gmt":"2009-01-01T09:11:34","guid":{"rendered":"http:\/\/www.psy-sarthe.com\/?page_id=14"},"modified":"2019-01-09T17:58:40","modified_gmt":"2019-01-09T16:58:40","slug":"troubles-de-lalimentation","status":"publish","type":"page","link":"https:\/\/www.psy-sarthe.com\/?page_id=14","title":{"rendered":"Troubles de l&rsquo;alimentation"},"content":{"rendered":"<p><span style=\"color: #ff6600;\">Les troubles de l\u2019alimentation sont une cons\u00e9quence de troubles psychiques souvent inconscients vari\u00e9s. Ils se manifestent par exemple par une pr\u00e9occupation tyranique du poids, ou au contraire \u00e0 une n\u00e9gligence totale du corps ou encore \u00e0 des attitudes qui ressemblent aux auto-mutilations.<\/span><\/p>\n<p><span style=\"color: #ff6600;\">La mode de minceur, les mauvaises habitudes alimentaires, les ph\u00e9nom\u00e8nes d&rsquo;imitation entre adolescents &#8211; et autres facteurs socio-culturels &#8211; jouent un r\u00f4le certain mais qu&rsquo;il est difficile d&rsquo;appr\u00e9cier.<\/span><\/p>\n<p><span style=\"color: #ff6600;\">Ces troubles de formes diverses et vari\u00e9es se pr\u00e9sentent chez le nourrisson, les adolescents surtout filles mais aussi gar\u00e7ons, chez les adultes et les personnes \u00e2g\u00e9es.<\/span><\/p>\n<p><span style=\"color: #ff6600;\">Les TCA (troubles du comportement alimentaire) sont \u00e0 distinguer d&rsquo;affections organiques telle par exemple la v\u00e9ritable anorexie qui est un trouble strictement m\u00e9dical, et qui ne rel\u00e8ve pas de la psychoth\u00e9rapie.<\/span><\/p>\n<p class=\"MsoNormal\" style=\"margin: 0cm 0cm 0pt; mso-margin-top-alt: auto; mso-margin-bottom-alt: auto;\"><span style=\"color: #ff6600;\">L&rsquo;anorexie mentale et la boulimie sont les deux troubles de l&rsquo;alimentation les plus courants. Dans tous les cas, le suivi m\u00e9dical doit \u00eatre poursuivi de mani\u00e8re attentive.<\/span><\/p>\n<p class=\"MsoNormal\" style=\"margin: 0cm 0cm 0pt; mso-margin-top-alt: auto; mso-margin-bottom-alt: auto;\">\n<p class=\"MsoNormal\" style=\"margin: 0cm 0cm 0pt; mso-margin-top-alt: auto; mso-margin-bottom-alt: auto;\">\n<p class=\"MsoNormal\" style=\"margin: 0cm 0cm 0pt; mso-margin-top-alt: auto; mso-margin-bottom-alt: auto;\">\n","protected":false},"excerpt":{"rendered":"<p>Les troubles de l\u2019alimentation sont une cons\u00e9quence de troubles psychiques souvent inconscients vari\u00e9s. Ils se manifestent par exemple par une pr\u00e9occupation tyranique du poids, ou au contraire \u00e0 une n\u00e9gligence totale du corps ou encore \u00e0 des attitudes qui ressemblent aux auto-mutilations. La mode de minceur, les mauvaises habitudes alimentaires, les ph\u00e9nom\u00e8nes d&rsquo;imitation entre adolescents &hellip; <\/p>\n<p class=\"link-more\"><a href=\"https:\/\/www.psy-sarthe.com\/?page_id=14\" class=\"more-link\">Continuer la lecture<span class=\"screen-reader-text\"> de &laquo;&nbsp;Troubles de l&rsquo;alimentation&nbsp;&raquo;<\/span><\/a><\/p>\n","protected":false},"author":1,"featured_media":0,"parent":5,"menu_order":4,"comment_status":"closed","ping_status":"open","template":"","meta":{"footnotes":""},"class_list":["post-14","page","type-page","status-publish","hentry"],"_links":{"self":[{"href":"https:\/\/www.psy-sarthe.com\/index.php?rest_route=\/wp\/v2\/pages\/14","targetHints":{"allow":["GET"]}}],"collection":[{"href":"https:\/\/www.psy-sarthe.com\/index.php?rest_route=\/wp\/v2\/pages"}],"about":[{"href":"https:\/\/www.psy-sarthe.com\/index.php?rest_route=\/wp\/v2\/types\/page"}],"author":[{"embeddable":true,"href":"https:\/\/www.psy-sarthe.com\/index.php?rest_route=\/wp\/v2\/users\/1"}],"replies":[{"embeddable":true,"href":"https:\/\/www.psy-sarthe.com\/index.php?rest_route=%2Fwp%2Fv2%2Fcomments&post=14"}],"version-history":[{"count":1,"href":"https:\/\/www.psy-sarthe.com\/index.php?rest_route=\/wp\/v2\/pages\/14\/revisions"}],"predecessor-version":[{"id":220,"href":"https:\/\/www.psy-sarthe.com\/index.php?rest_route=\/wp\/v2\/pages\/14\/revisions\/220"}],"up":[{"embeddable":true,"href":"https:\/\/www.psy-sarthe.com\/index.php?rest_route=\/wp\/v2\/pages\/5"}],"wp:attachment":[{"href":"https:\/\/www.psy-sarthe.com\/index.php?rest_route=%2Fwp%2Fv2%2Fmedia&parent=14"}],"curies":[{"name":"wp","href":"https:\/\/api.w.org\/{rel}","templated":true}]}}