{"id":21,"date":"2019-01-03T11:11:49","date_gmt":"2019-01-03T10:11:49","guid":{"rendered":"http:\/\/www.psy-sarthe.com\/?page_id=21"},"modified":"2019-09-17T14:37:43","modified_gmt":"2019-09-17T12:37:43","slug":"hypnose","status":"publish","type":"page","link":"https:\/\/www.psy-sarthe.com\/?page_id=21","title":{"rendered":"Hypnose"},"content":{"rendered":"<p><span style=\"color: #ff6600;\">Bien que tr\u00e8s m\u00e9diatis\u00e9e aujourd\u2019hui, il faut savoir que l&rsquo;hypnose en tant que telle ne sert \u00e0 rien&nbsp;: c&rsquo;est un outil. Et comme tout outil, il ne prend sens que dans l\u2019usage qui en est fait, et dans l\u2019expertise du th\u00e9rapeute qui l\u2019utilise.<\/span><\/p>\n<p><span style=\"color: #ff6600;\">Les indications courantes sont surtout psychologiques et psychosomatiques : troubles d\u00e9pressifs, douleurs, n\u00e9vroses, arr\u00eat du tabac, perte de poids, angoisses, stress, \u00e9nur\u00e9sie, insomnie, phobies, allergies, traumatismes, deuils, tocs (troubles obsessionnels compulsifs), timidit\u00e9, etc, mais aussi, hypno-analg\u00e9sie, pr\u00e9paration mentale (chirurgie, sport, examen), r\u00e9solution de conflit, apprentissages, d\u00e9veloppement personnel, etc.<\/span><\/p>\n<p><span style=\"color: #ff6600;\">Elle est utilis\u00e9e en psychoth\u00e9rapie br\u00e8ve puisque son principal int\u00e9r\u00eat est de permettre l&rsquo;acc\u00e8s \u00e0 l&rsquo;inconscient. L\u2019hypnose est consid\u00e9r\u00e9e comme un amplificateur et un acc\u00e9l\u00e9rateur de th\u00e9rapie. C&rsquo;est un moyen d&rsquo;acc\u00e9der \u00e0 l&rsquo;inconscient, de contourner les blocages et de permettre la formation de nouveaux comportements plus positifs pour la vie du patient.<\/span><\/p>\n<p><span style=\"color: #ff6600;\">\u00ab <em>L&rsquo;hypnose offre tant au patient qu&rsquo;au th\u00e9rapeute un acc\u00e8s ais\u00e9 \u00e0 l&rsquo;esprit inconscient du patient. Elle permet de s&rsquo;occuper directement de ces forces inconscientes qui sont sous-jacentes aux perturbations de la personnalit\u00e9, et elle autorise l&rsquo;identification de ces \u00e9l\u00e9ments de l&rsquo;exp\u00e9rience de vie d&rsquo;un individu qui ont de l&rsquo;importance pour la personnalit\u00e9 et auxquels on doit accorder toute l&rsquo;attention requise si l&rsquo;on souhaite obtenir des r\u00e9sultats th\u00e9rapeutiques. Seule l&rsquo;hypnose peut donner un acc\u00e8s ais\u00e9, rapide et large \u00e0 l&rsquo;inconscient, inconscient que l&rsquo;histoire de la psychoth\u00e9rapie a montr\u00e9 \u00eatre d&rsquo;une telle importance dans le traitement des d\u00e9sordres aigus de la personnalit\u00e9.<\/em> \u00bb Milton Erickson<\/span><\/p>\n<p><span style=\"color: #ff6600;\">Voici un reportage de France T\u00e9l\u00e9vision, simple et clair, qui \u00e9claire sur la pratique de l&rsquo;hypnose th\u00e9rapeutique, ses diff\u00e9rences avec l&rsquo;hypnose de spectacle, et ses diff\u00e9rentes applications et utilisations th\u00e9rapeutiques :<\/span><\/p>\n<p><iframe loading=\"lazy\" title=\"L\u2019hypnose, l\u2019autre sommeil\" width=\"525\" height=\"295\" src=\"https:\/\/www.youtube.com\/embed\/K51oRF2vvvc?list=PLCWoV9p29g8u1XbBDyT9EP1zoDLK8lN46\" frameborder=\"0\" allow=\"accelerometer; autoplay; clipboard-write; encrypted-media; gyroscope; picture-in-picture; web-share\" referrerpolicy=\"strict-origin-when-cross-origin\" allowfullscreen><\/iframe><\/p>\n","protected":false},"excerpt":{"rendered":"<p>Bien que tr\u00e8s m\u00e9diatis\u00e9e aujourd\u2019hui, il faut savoir que l&rsquo;hypnose en tant que telle ne sert \u00e0 rien&nbsp;: c&rsquo;est un outil. Et comme tout outil, il ne prend sens que dans l\u2019usage qui en est fait, et dans l\u2019expertise du th\u00e9rapeute qui l\u2019utilise. Les indications courantes sont surtout psychologiques et psychosomatiques : troubles d\u00e9pressifs, douleurs, &hellip; <\/p>\n<p class=\"link-more\"><a href=\"https:\/\/www.psy-sarthe.com\/?page_id=21\" class=\"more-link\">Continuer la lecture<span class=\"screen-reader-text\"> de &laquo;&nbsp;Hypnose&nbsp;&raquo;<\/span><\/a><\/p>\n","protected":false},"author":1,"featured_media":0,"parent":4,"menu_order":3,"comment_status":"closed","ping_status":"open","template":"","meta":{"footnotes":""},"class_list":["post-21","page","type-page","status-publish","hentry"],"_links":{"self":[{"href":"https:\/\/www.psy-sarthe.com\/index.php?rest_route=\/wp\/v2\/pages\/21","targetHints":{"allow":["GET"]}}],"collection":[{"href":"https:\/\/www.psy-sarthe.com\/index.php?rest_route=\/wp\/v2\/pages"}],"about":[{"href":"https:\/\/www.psy-sarthe.com\/index.php?rest_route=\/wp\/v2\/types\/page"}],"author":[{"embeddable":true,"href":"https:\/\/www.psy-sarthe.com\/index.php?rest_route=\/wp\/v2\/users\/1"}],"replies":[{"embeddable":true,"href":"https:\/\/www.psy-sarthe.com\/index.php?rest_route=%2Fwp%2Fv2%2Fcomments&post=21"}],"version-history":[{"count":4,"href":"https:\/\/www.psy-sarthe.com\/index.php?rest_route=\/wp\/v2\/pages\/21\/revisions"}],"predecessor-version":[{"id":400,"href":"https:\/\/www.psy-sarthe.com\/index.php?rest_route=\/wp\/v2\/pages\/21\/revisions\/400"}],"up":[{"embeddable":true,"href":"https:\/\/www.psy-sarthe.com\/index.php?rest_route=\/wp\/v2\/pages\/4"}],"wp:attachment":[{"href":"https:\/\/www.psy-sarthe.com\/index.php?rest_route=%2Fwp%2Fv2%2Fmedia&parent=21"}],"curies":[{"name":"wp","href":"https:\/\/api.w.org\/{rel}","templated":true}]}}