{"id":431,"date":"2019-09-17T16:14:34","date_gmt":"2019-09-17T14:14:34","guid":{"rendered":"http:\/\/www.psy-sarthe.com\/?page_id=431"},"modified":"2019-09-17T16:19:47","modified_gmt":"2019-09-17T14:19:47","slug":"hippolyte-bernheim","status":"publish","type":"page","link":"https:\/\/www.psy-sarthe.com\/?page_id=431","title":{"rendered":"Hippolyte Bernheim"},"content":{"rendered":"<p><span style=\"color: #ff6600;\"><img loading=\"lazy\" decoding=\"async\" class=\" wp-image-432 alignleft\" src=\"http:\/\/www.psy-sarthe.com\/wp-content\/uploads\/2019\/09\/Bernheim-252x300.jpg\" alt=\"\" width=\"153\" height=\"182\" srcset=\"https:\/\/www.psy-sarthe.com\/wp-content\/uploads\/2019\/09\/Bernheim-252x300.jpg 252w, https:\/\/www.psy-sarthe.com\/wp-content\/uploads\/2019\/09\/Bernheim.jpg 609w\" sizes=\"auto, (max-width: 153px) 100vw, 153px\" \/>Hippolyte Bernheim, n\u00e9 \u00e0 Mulhouse le 17 avril 1840, est un professeur de m\u00e9decine et neurologue fran\u00e7ais, c\u00e9l\u00e8bre dans le cadre de l&rsquo;histoire de l&rsquo;hypnose et de la psychoth\u00e9rapie.<\/span><\/p>\n<p><span style=\"color: #ff6600;\">Bernheim fait ses \u00e9tudes \u00e0 l&rsquo;universit\u00e9 de Strasbourg, o\u00f9 il soutient sa th\u00e8se de doctorat en m\u00e9decine en 1867. La m\u00eame ann\u00e9e, il devient ma\u00eetre de conf\u00e9rence, toujours \u00e0 l&rsquo;universit\u00e9 de Strasbourg, et s&rsquo;\u00e9tablit comme m\u00e9decin dans la ville. Lors de l&rsquo;annexion de Strasbourg par l&rsquo;Allemagne en 1871, Bernheim opte pour la France et quitte l&rsquo;universit\u00e9 de Strasbourg pour l&rsquo;universit\u00e9 de Nancy, au sein de laquelle il devient professeur titulaire de m\u00e9decine interne en 1879.<\/span><\/p>\n<p><span style=\"color: #ff6600;\">En 1882, il assiste aux travaux d&rsquo;hypnose du docteur Ambroise-Auguste Li\u00e9beault, caract\u00e9ris\u00e9s par des suggestions autoritaires, et commence \u00e0 les introduire dans son service d&rsquo;h\u00f4pital universitaire. En 1883, Bernheim effectue des exp\u00e9riences sur les suggestions criminelles avec le juriste Jules Li\u00e9geois et le m\u00e9decin Henri Beaunis.<\/span><\/p>\n<p><span style=\"color: #ff6600;\">Avec Li\u00e9beault, Li\u00e9geois et Beaunis, Bernheim forme ce que l&rsquo;on a appel\u00e9 l&rsquo;\u00c9cole de Nancy, ou \u00c9cole de la suggestion, par opposition \u00e0 l&rsquo;\u00c9cole de la Salp\u00eatri\u00e8re de Jean Martin Charcot. Bernheim d\u00e9finit l&rsquo;hypnose comme un simple sommeil produit par la suggestion et susceptible d&rsquo;applications th\u00e9rapeutiques. En cela, il s&rsquo;oppose \u00e0 la d\u00e9finition de Charcot, qui voit en l&rsquo;hypnose un \u00e9tat pathologique propre aux hyst\u00e9riques. En 1884, Bernheim d\u00e9finit la suggestion comme <em>\u00ab l&rsquo;influence provoqu\u00e9e par une id\u00e9e sugg\u00e9r\u00e9e et accept\u00e9e par le cerveau \u00bb<\/em>, puis en 1886 comme une <em>\u00ab id\u00e9e con\u00e7ue par l&rsquo;op\u00e9rateur, saisie par l&rsquo;hypnotis\u00e9 et accept\u00e9e par son cerveau <\/em>\u00bb. En 1903, Bernheim consid\u00e8re que l&rsquo;on ne peut pas distinguer l&rsquo;hypnose de la suggestibilit\u00e9. Il d\u00e9clare \u00ab <em>la suggestion est n\u00e9e de l&rsquo;ancien hypnotisme comme la chimie est n\u00e9e de l&rsquo;alchimie <\/em>\u00bb. Il abandonne progressivement l&rsquo;hypnose, soutenant que ses effets peuvent tout aussi bien \u00eatre obtenus \u00e0 l&rsquo;\u00e9tat de veille que par la suggestion, selon une m\u00e9thode qu&rsquo;il d\u00e9signe du nom de psychoth\u00e9rapie. En 1907, il propose le concept d&rsquo;id\u00e9odynamisme, selon lequel \u00ab <em>toute id\u00e9e sugg\u00e9r\u00e9e tend \u00e0 se faire acte<\/em> \u00bb.<\/span><\/p>\n<p><span style=\"color: #ff6600;\">Bernheim a mis en lumi\u00e8re la notion d&rsquo;effet placebo au cours de ses recherches sur la suggestion, dont le placebo constitue, avec l&rsquo;hypnose, une des figures majeures.<\/span><\/p>\n<p><span style=\"color: #ff6600;\">C\u2019est Bernheim qui est \u00e0 l\u2019origine du concept de psychoth\u00e9rapie. Dans une publication, (Hypnotisme, suggestion, psychoth\u00e9rapie, \u00e9tudes nouvelles), Bernheim d\u00e9finit la psychoth\u00e9rapie comme une m\u00e9thode permettant d\u2019utiliser l\u2019esprit ou \u00ab l\u2019\u00e2me \u00bb (psycho) pour soigner (th\u00e9rapie).<\/span><\/p>\n<p><span style=\"color: #ff6600;\">Les psychoth\u00e9rapies ont donc pour objet de \u00ab soigner par l\u2019esprit \u00bb des souffrances tant psychiques que somatiques . Par exemple, dans son livre \u00ab De la suggestion \u00bb (Bernheim Hippolyte, De la suggestion, Paris, Albin Michel, 1916), Bernheim \u00e9crit :<\/span><\/p>\n<p><span style=\"color: #ff6600;\">\u00a0\u00a0\u00a0 \u00ab \u2026 <em>la diarrh\u00e9e, les vomissements li\u00e9s \u00e0 une affection organique peuvent aussi \u00eatre exag\u00e9r\u00e9s par le psychisme et justiciables dans une certaine mesure de la suggestion. On le voit, le champ de la psychoth\u00e9rapie est tr\u00e8s vaste ; elle peut intervenir utilement dans toutes les maladies qui s\u2019inscrivent dans une dynamique psycho-somatique avec une pr\u00e9dilection pour l\u2019\u00e9l\u00e9ment psychonerveux de ces maladies<\/em>. \u00bb<\/span><\/p>\n<p><span style=\"color: #ff6600;\">Vers 1900, Bernheim est consid\u00e9r\u00e9 comme le plus grand psychoth\u00e9rapeute d&rsquo;Europe, mais, dix ans apr\u00e8s, il est presque totalement oubli\u00e9.<\/span><\/p>\n","protected":false},"excerpt":{"rendered":"<p>Hippolyte Bernheim, n\u00e9 \u00e0 Mulhouse le 17 avril 1840, est un professeur de m\u00e9decine et neurologue fran\u00e7ais, c\u00e9l\u00e8bre dans le cadre de l&rsquo;histoire de l&rsquo;hypnose et de la psychoth\u00e9rapie. Bernheim fait ses \u00e9tudes \u00e0 l&rsquo;universit\u00e9 de Strasbourg, o\u00f9 il soutient sa th\u00e8se de doctorat en m\u00e9decine en 1867. La m\u00eame ann\u00e9e, il devient ma\u00eetre de &hellip; <\/p>\n<p class=\"link-more\"><a href=\"https:\/\/www.psy-sarthe.com\/?page_id=431\" class=\"more-link\">Continuer la lecture<span class=\"screen-reader-text\"> de &laquo;&nbsp;Hippolyte Bernheim&nbsp;&raquo;<\/span><\/a><\/p>\n","protected":false},"author":1,"featured_media":0,"parent":0,"menu_order":0,"comment_status":"closed","ping_status":"closed","template":"","meta":{"footnotes":""},"class_list":["post-431","page","type-page","status-publish","hentry"],"_links":{"self":[{"href":"https:\/\/www.psy-sarthe.com\/index.php?rest_route=\/wp\/v2\/pages\/431","targetHints":{"allow":["GET"]}}],"collection":[{"href":"https:\/\/www.psy-sarthe.com\/index.php?rest_route=\/wp\/v2\/pages"}],"about":[{"href":"https:\/\/www.psy-sarthe.com\/index.php?rest_route=\/wp\/v2\/types\/page"}],"author":[{"embeddable":true,"href":"https:\/\/www.psy-sarthe.com\/index.php?rest_route=\/wp\/v2\/users\/1"}],"replies":[{"embeddable":true,"href":"https:\/\/www.psy-sarthe.com\/index.php?rest_route=%2Fwp%2Fv2%2Fcomments&post=431"}],"version-history":[{"count":2,"href":"https:\/\/www.psy-sarthe.com\/index.php?rest_route=\/wp\/v2\/pages\/431\/revisions"}],"predecessor-version":[{"id":436,"href":"https:\/\/www.psy-sarthe.com\/index.php?rest_route=\/wp\/v2\/pages\/431\/revisions\/436"}],"wp:attachment":[{"href":"https:\/\/www.psy-sarthe.com\/index.php?rest_route=%2Fwp%2Fv2%2Fmedia&parent=431"}],"curies":[{"name":"wp","href":"https:\/\/api.w.org\/{rel}","templated":true}]}}