{"id":437,"date":"2019-09-17T16:30:23","date_gmt":"2019-09-17T14:30:23","guid":{"rendered":"http:\/\/www.psy-sarthe.com\/?page_id=437"},"modified":"2019-09-17T16:30:24","modified_gmt":"2019-09-17T14:30:24","slug":"emile-coue","status":"publish","type":"page","link":"https:\/\/www.psy-sarthe.com\/?page_id=437","title":{"rendered":"\u00c9mile Cou\u00e9"},"content":{"rendered":"<p><span style=\"color: #ff6600;\"><img loading=\"lazy\" decoding=\"async\" class=\"size-medium wp-image-438 alignleft\" src=\"http:\/\/www.psy-sarthe.com\/wp-content\/uploads\/2019\/09\/Emile_Cou\u00e9-225x300.jpg\" alt=\"\" width=\"225\" height=\"300\" srcset=\"https:\/\/www.psy-sarthe.com\/wp-content\/uploads\/2019\/09\/Emile_Cou\u00e9-225x300.jpg 225w, https:\/\/www.psy-sarthe.com\/wp-content\/uploads\/2019\/09\/Emile_Cou\u00e9-768x1024.jpg 768w, https:\/\/www.psy-sarthe.com\/wp-content\/uploads\/2019\/09\/Emile_Cou\u00e9.jpg 900w\" sizes=\"auto, (max-width: 225px) 100vw, 225px\" \/>\u00c9mile Cou\u00e9 de La Ch\u00e2taigneraie, n\u00e9 le 26 f\u00e9vrier 1857 \u00e0 Troyes, est un psychologue et pharmacien fran\u00e7ais, auteur d\u2019une m\u00e9thode de gu\u00e9rison et de d\u00e9veloppement personnel (la m\u00e9thode Cou\u00e9) fond\u00e9e sur l\u2019autosuggestion.<\/span><\/p>\n<p><span style=\"color: #ff6600;\">Ses premi\u00e8res ann\u00e9es d\u2019exp\u00e9rience en pharmacie lui font prendre conscience de l\u2019efficacit\u00e9 de la suggestion et de l\u2019action d\u00e9terminante de l\u2019imagination dans le processus de gu\u00e9rison. Cou\u00e9 commence \u00e0 d\u00e9velopper les premiers principes sur lesquels il b\u00e2tira plus tard sa m\u00e9thode.<\/span><\/p>\n<p><span style=\"color: #ff6600;\">Toute maladie est double, produisant ses effets sur la condition physique du patient, mais aussi sur son moral. En guidant l\u2019imagination de mani\u00e8re positive, il est possible de faire pencher la balance du bon c\u00f4t\u00e9 et par l\u00e0 m\u00eame de d\u00e9terminer la gu\u00e9rison. Ainsi, lorsqu\u2019un malade se persuade que la gu\u00e9rison va se produire, celle-ci se produira si elle est possible. Si elle ne l\u2019est pas, il pourra n\u00e9anmoins obtenir par la suggestion une am\u00e9lioration optimale de son \u00e9tat.<\/span><\/p>\n<p><span style=\"color: #ff6600;\">Parall\u00e8lement, Cou\u00e9 apprend l&rsquo;existence d&rsquo;un m\u00e9decin original, le docteur Ambroise-Auguste Li\u00e9beault qui exerce \u00e0 Nancy et obtient des r\u00e9sultats \u00e9tonnants par la pratique de l&rsquo;hypnose. Il lui rend, en 1886, une premi\u00e8re visite, et se passionne d\u00e8s lors pour cette discipline relativement nouvelle fond\u00e9e sur l&rsquo;efficacit\u00e9 de la suggestion verbale. Il prend \u00e9galement connaissance des travaux du professeur Hippolyte Bernheim, dans lesquels il trouve la confirmation des principes qu\u2019il pressent et exp\u00e9rimente. Ces deux personnalit\u00e9s repr\u00e9sentent l\u2019\u00c9cole de Nancy, courant qui se distingue \u00e0 l\u2019\u00e9poque, dans ses conceptions relatives \u00e0 l\u2019hypnose, de l\u2019\u00c9cole de la Salp\u00eatri\u00e8re du docteur Charcot.<\/span><\/p>\n<p><span style=\"color: #ff6600;\">En 1901, il se rend \u00e0 Nancy pour approfondir ses connaissances et suit quelque temps des conf\u00e9rences \u00e0 la facult\u00e9 de m\u00e9decine. Sa m\u00e9thode se pr\u00e9cise, elle se fonde sur des principes simples tir\u00e9s de ses observations :<\/span><\/p>\n<ul>\n<li><span style=\"color: #ff6600;\">toute id\u00e9e que nous avons dans l\u2019esprit tend \u00e0 devenir une r\u00e9alit\u00e9 dans l\u2019ordre du possible. Ainsi l\u2019id\u00e9e de gu\u00e9rison peut produire la gu\u00e9rison. Ou bien encore, sur le plan psychologique, consid\u00e9rer comme facile une chose \u00e0 r\u00e9aliser en facilite effectivement la r\u00e9alisation ;<\/span><\/li>\n<li><span style=\"color: #ff6600;\">notre \u00eatre inconscient ou imaginatif, qui constitue la partie cach\u00e9e de notre moi, d\u00e9termine nos \u00e9tats physiques et mentaux. Il est en r\u00e9alit\u00e9 plus puissant que notre \u00eatre conscient et volontaire, qu\u2019il englobe enti\u00e8rement, et c\u2019est lui qui pr\u00e9side \u00e0 toutes les fonctions de notre organisme et de notre \u00eatre moral. Donc chaque fois qu\u2019il y a conflit entre l\u2019imagination et la volont\u00e9, c\u2019est toujours l\u2019imagination qui l\u2019emporte ;<\/span><\/li>\n<li><span style=\"color: #ff6600;\">imagination et volont\u00e9 doivent par cons\u00e9quent travailler en synergie : lorsque la volont\u00e9 et l\u2019imagination sont en accord, elles ne s\u2019additionnent pas l\u2019une \u00e0 l\u2019autre, mais leurs forces se multiplient l\u2019une par l\u2019autre ;<\/span><\/li>\n<li><span style=\"color: #ff6600;\">l\u2019imagination peut \u00eatre conduite par le moyen d&rsquo;une autosuggestion m\u00e9thodique.<\/span><\/li>\n<\/ul>\n<p><span style=\"color: #ff6600;\">Renon\u00e7ant apparemment \u00e0 l&rsquo;usage de l&rsquo;hypnose autoritaire et directive, Cou\u00e9 \u00e9labore une m\u00e9thode qui fait appel \u00e0 la suggestion consciente et m\u00e9thodiquement conduite d&rsquo;id\u00e9es positives. Cou\u00e9 condense sa m\u00e9thode en une phrase-clef,<\/span><\/p>\n<p style=\"text-align: center;\"><span style=\"color: #ff6600;\"><em>\u00ab Tous les jours, \u00e0 tous points de vue, je vais de mieux en mieux \u00bb,<\/em><\/span><\/p>\n<p><span style=\"color: #ff6600;\">\u00e0 r\u00e9p\u00e9ter 20 fois le matin et 20 fois le soir, en vue de conditionner l\u2019imagination de mani\u00e8re favorable. En r\u00e9p\u00e9tant cette formule de mani\u00e8re machinale, sans intervention de la volont\u00e9, il croit possible de faire p\u00e9n\u00e9trer m\u00e9caniquement dans l\u2019inconscient l\u2019id\u00e9e d\u2019am\u00e9lioration, de progr\u00e8s. Et lorsque cette id\u00e9e fait son chemin dans les profondeurs de l\u2019inconscient, elle deviendrait agissante.<\/span><\/p>\n<p><span style=\"color: #ff6600;\">En 1910, il quitte son officine de Troyes pour s\u2019\u00e9tablir \u00e0 Nancy, o\u00f9 il fonde une \u00ab clinique libre \u00bb dans sa r\u00e9sidence de la rue Jeanne-d\u2019Arc. Il y re\u00e7oit gracieusement les malades qui viennent le consulter, lors de s\u00e9ances individuelles ou collectives qui ont lieu dans son bureau o\u00f9 des gu\u00e9risons se seraient produites en grand nombre. On vient bient\u00f4t \u00e0 lui de tous les rangs de la soci\u00e9t\u00e9.<\/span><\/p>\n<p><span style=\"color: #ff6600;\">En 1913, Charles Baudouin, alors jeune licenci\u00e9 en philosophie, s\u2019int\u00e9resse \u00e0 ses travaux et contribue \u00e0 le rendre c\u00e9l\u00e8bre. Associ\u00e9 \u00e0 Baudouin, son premier disciple, Cou\u00e9 fonde l\u2019\u00c9cole lorraine de psychologie appliqu\u00e9e.<\/span><\/p>\n<p><span style=\"color: #ff6600;\">En 1922, il publie \u00ab\u00a0La Ma\u00eetrise de soi-m\u00eame par l&rsquo;autosuggestion consciente\u00a0\u00bb \u00a0qui est traduit en plusieurs langues et conna\u00eet un succ\u00e8s retentissant. L&rsquo;ouvrage fait sensation surtout en Grand-Bretagne et aux \u00c9tats-Unis, o\u00f9 il re\u00e7oit un accueil public triomphal.<\/span><\/p>\n<p><span style=\"color: #ff6600;\">Sa renomm\u00e9e d\u00e9passe bient\u00f4t les fronti\u00e8res. Il se rend fr\u00e9quemment en Grande-Bretagne, en Suisse et en Belgique pour y donner des conf\u00e9rences devant des publics conquis. Un voyage aux \u00c9tats-Unis a lieu en 1923. Il y est accueilli par le pr\u00e9sident Calvin Coolidge. Cou\u00e9 donne une conf\u00e9rence \u00e0 New York, puis dans d\u2019autres villes, devant des foules enthousiastes. Un film est r\u00e9alis\u00e9, un disque enregistr\u00e9. Il effectue un second p\u00e9riple outre-Atlantique l\u2019ann\u00e9e suivante.<\/span><\/p>\n<p><span style=\"color: #ff6600;\">De retour, malgr\u00e9 l\u2019extr\u00eame fatigue due \u00e0 son activit\u00e9 consid\u00e9rable, il encha\u00eene, en France et \u00e0 travers l&rsquo;Europe, conf\u00e9rences et s\u00e9ances face \u00e0 un public toujours plus nombreux et re\u00e7oit sans rel\u00e2che \u00e0 son domicile des patients accourus d\u00e9sormais du monde entier.<\/span><\/p>\n<p><span style=\"color: #ff6600;\">Il a particip\u00e9 au traitement du b\u00e9gaiement du duc d\u2019York (futur George VI).<\/span><\/p>\n<p><span style=\"color: #ff6600;\">\u00c9puis\u00e9, \u00c9mile Cou\u00e9 s&rsquo;\u00e9teint le 2 juillet 1926, des suites d\u2019une pneumonie.<\/span><\/p>\n<p><span style=\"color: #ff6600;\">Il explora au sein de la psychologie moderne des voies originales et nouvelles et fut un pr\u00e9curseur de la psychologie comportementale et de la pens\u00e9e positive, et un exp\u00e9rimentateur de l&rsquo;effet placebo.<\/span><\/p>\n\n\n<p><\/p>\n","protected":false},"excerpt":{"rendered":"<p>\u00c9mile Cou\u00e9 de La Ch\u00e2taigneraie, n\u00e9 le 26 f\u00e9vrier 1857 \u00e0 Troyes, est un psychologue et pharmacien fran\u00e7ais, auteur d\u2019une m\u00e9thode de gu\u00e9rison et de d\u00e9veloppement personnel (la m\u00e9thode Cou\u00e9) fond\u00e9e sur l\u2019autosuggestion. Ses premi\u00e8res ann\u00e9es d\u2019exp\u00e9rience en pharmacie lui font prendre conscience de l\u2019efficacit\u00e9 de la suggestion et de l\u2019action d\u00e9terminante de l\u2019imagination dans &hellip; <\/p>\n<p class=\"link-more\"><a href=\"https:\/\/www.psy-sarthe.com\/?page_id=437\" class=\"more-link\">Continuer la lecture<span class=\"screen-reader-text\"> de &laquo;&nbsp;\u00c9mile Cou\u00e9&nbsp;&raquo;<\/span><\/a><\/p>\n","protected":false},"author":1,"featured_media":0,"parent":0,"menu_order":0,"comment_status":"closed","ping_status":"closed","template":"","meta":{"footnotes":""},"class_list":["post-437","page","type-page","status-publish","hentry"],"_links":{"self":[{"href":"https:\/\/www.psy-sarthe.com\/index.php?rest_route=\/wp\/v2\/pages\/437","targetHints":{"allow":["GET"]}}],"collection":[{"href":"https:\/\/www.psy-sarthe.com\/index.php?rest_route=\/wp\/v2\/pages"}],"about":[{"href":"https:\/\/www.psy-sarthe.com\/index.php?rest_route=\/wp\/v2\/types\/page"}],"author":[{"embeddable":true,"href":"https:\/\/www.psy-sarthe.com\/index.php?rest_route=\/wp\/v2\/users\/1"}],"replies":[{"embeddable":true,"href":"https:\/\/www.psy-sarthe.com\/index.php?rest_route=%2Fwp%2Fv2%2Fcomments&post=437"}],"version-history":[{"count":1,"href":"https:\/\/www.psy-sarthe.com\/index.php?rest_route=\/wp\/v2\/pages\/437\/revisions"}],"predecessor-version":[{"id":439,"href":"https:\/\/www.psy-sarthe.com\/index.php?rest_route=\/wp\/v2\/pages\/437\/revisions\/439"}],"wp:attachment":[{"href":"https:\/\/www.psy-sarthe.com\/index.php?rest_route=%2Fwp%2Fv2%2Fmedia&parent=437"}],"curies":[{"name":"wp","href":"https:\/\/api.w.org\/{rel}","templated":true}]}}