{"id":449,"date":"2019-09-17T17:11:02","date_gmt":"2019-09-17T15:11:02","guid":{"rendered":"http:\/\/www.psy-sarthe.com\/?page_id=449"},"modified":"2019-09-17T17:11:03","modified_gmt":"2019-09-17T15:11:03","slug":"jose-de-faria","status":"publish","type":"page","link":"https:\/\/www.psy-sarthe.com\/?page_id=449","title":{"rendered":"Jos\u00e9 de Faria"},"content":{"rendered":"<p><span style=\"color: #ff6600;\"><img loading=\"lazy\" decoding=\"async\" class=\"size-medium wp-image-451 alignleft\" src=\"http:\/\/www.psy-sarthe.com\/wp-content\/uploads\/2019\/09\/Jos\u00e9-Custodio-de-Faria-231x300.jpg\" alt=\"\" width=\"231\" height=\"300\" srcset=\"https:\/\/www.psy-sarthe.com\/wp-content\/uploads\/2019\/09\/Jos\u00e9-Custodio-de-Faria-231x300.jpg 231w, https:\/\/www.psy-sarthe.com\/wp-content\/uploads\/2019\/09\/Jos\u00e9-Custodio-de-Faria.jpg 583w\" sizes=\"auto, (max-width: 231px) 100vw, 231px\" \/>Jos\u00e9 Cust\u00f3dio de Faria, n\u00e9 fin mai 1756 \u00e0 Goa, capitale des Indes portugaises, est un pr\u00eatre catholique, r\u00e9volutionnaire et scientifique portugais dont les \u00e9tudes sur le magn\u00e9tisme animal et l&rsquo;hypnose firent longtemps autorit\u00e9. Les th\u00e9ories scientifiques de l&rsquo;abb\u00e9 Faria sont connues sous le nom de Fariisme.<\/span><\/p>\n<p><span style=\"color: #ff6600;\">Ses parents, Caetano Vitorino de Faria et de Rosa Maria de Sousa, deux colons r\u00e9sidents goanais, se s\u00e9parent apr\u00e8s sa naissance pour entrer dans la vie religieuse. Envoy\u00e9 \u00e0 Lisbonne, o\u00f9 il arrive en 1771, \u00e0 quinze ans avec son p\u00e8re, il se rend \u00e0 Rome l&rsquo;ann\u00e9e suivante et y reste jusqu&rsquo;en 1780, afin d&rsquo;y suivre un cours de th\u00e9ologie et de recevoir l&rsquo;ordination sacerdotale.<\/span><\/p>\n<p><span style=\"color: #ff6600;\">De retour \u00e0 Goa, en 1787, il se joint \u00e0 un groupe de clercs et de militaires m\u00e9tis, qui se sentent discrimin\u00e9s dans leurs carri\u00e8res en raison de leur origine au profit des colons portugais venus de m\u00e9tropole, les reinois. Le groupe de conspirateurs, men\u00e9 par Jos\u00e9 Ant\u00f3nio Gon\u00e7alves de Divar, est d\u00e9nonc\u00e9 alors qu&rsquo;il organise le renversement des autorit\u00e9s vice-royales. La conspiration, dite Conspira\u00e7\u00e3o dos Pintos, est violemment r\u00e9prim\u00e9e afin de donner l&rsquo;exemple. Si le p\u00e8re Divar arrive \u00e0 fuir vers le Bengale, les autres conspirateurs sont d\u00e9port\u00e9s et enferm\u00e9s dans la forteresse de S\u00e3o Juli\u00e3o da Barra au Portugal, o\u00f9 ils croupissent des ann\u00e9es durant en attente d&rsquo;un proc\u00e8s pour &lsquo;haute trahison&rsquo;, au terme duquel ils sont \u00e9cartel\u00e9s et pendus. Faria, quant \u00e0 lui, \u00e9chappe aux autorit\u00e9s portugaises et parvient \u00e0 embarquer pour la France.<\/span><\/p>\n<p><span style=\"color: #ff6600;\">Arriv\u00e9 sur le sol fran\u00e7ais en 1788 \u00e0 la veille de la convocation des \u00c9tats g\u00e9n\u00e9raux, il devient imm\u00e9diatement un ardent partisan de la R\u00e9volution fran\u00e7aise en 1789, et commande une des sections qui, en 1795, attaquent la Convention nationale. Sous l&rsquo;Empire, il entame une carri\u00e8re d&rsquo;enseignant et devient professeur de philosophie au lyc\u00e9e de Marseille, actuel Lyc\u00e9e Thiers, et au lyc\u00e9e de N\u00eemes.<\/span><\/p>\n<p><span style=\"color: #ff6600;\">Initi\u00e9 \u00e0 la pratique du magn\u00e9tisme animal en 1813 par Marie Jacques de Chastenet, marquis de Puys\u00e9gur, il d\u00e9passe rapidement son ma\u00eetre, dont il enrichit et affine les m\u00e9thodes qu&rsquo;il \u00e9tend \u00e0 la race humaine, et ouvre \u00e0 Paris un cabinet de magn\u00e9tiseur. La m\u00eame ann\u00e9e, il donne \u00e0 Paris un cours sur le sommeil lucide dans lequel il critique la th\u00e9orie du fluide magn\u00e9tique de Franz Anton Mesmer. Son livre sur le magn\u00e9tisme animal, De la cause du sommeil lucide, publi\u00e9 peu avant sa mort, commence par une \u00e9p\u00eetre \u00e0 Chastenet de Puys\u00e9gur. Sa pratique de l&rsquo;hypnose par suggestion lui am\u00e8ne une client\u00e8le consid\u00e9rable, mais aussi une prompte r\u00e9action de discr\u00e9dit de la part des conservateurs, qui le traitent de fou et de sorcier.<\/span><\/p>\n<p><span style=\"color: #ff6600;\">Il passe les derni\u00e8res ann\u00e9es de sa vie comme chapelain d&rsquo;un couvent.<\/span><\/p>\n<p><span style=\"color: #ff6600;\">D&rsquo;un point de vue scientifique, Faria met en \u00e9vidence le caract\u00e8re purement naturel de l&rsquo;hypnose. Il est le premier \u00e0 d\u00e9crire pr\u00e9cis\u00e9ment et scientifiquement ses m\u00e9thodes et ses effets, et il anticipe les possibilit\u00e9s de la suggestion hypnotique sur le traitement des maladies nerveuses.<\/span><\/p>\n<p><span style=\"color: #ff6600;\">On retrouve \u00e9galement l&rsquo;influence de Faria dans le premier livre sur le magn\u00e9tisme animal que publie Ambroise-Auguste Li\u00e9beault, le chef de file de l&rsquo;\u00c9cole de Nancy (Du sommeil et des \u00e9tats analogues &#8211; 1866).<\/span><\/p>\n<p><span style=\"color: #ff6600;\">Jos\u00e9 Cust\u00f3dio de Faria \u00a0a inspir\u00e9 le personnage de l&rsquo;abb\u00e9 Faria, dans le roman d&rsquo;Alexandre Dumas le Comte de Monte-Cristo.<\/span><\/p>\n","protected":false},"excerpt":{"rendered":"<p>Jos\u00e9 Cust\u00f3dio de Faria, n\u00e9 fin mai 1756 \u00e0 Goa, capitale des Indes portugaises, est un pr\u00eatre catholique, r\u00e9volutionnaire et scientifique portugais dont les \u00e9tudes sur le magn\u00e9tisme animal et l&rsquo;hypnose firent longtemps autorit\u00e9. Les th\u00e9ories scientifiques de l&rsquo;abb\u00e9 Faria sont connues sous le nom de Fariisme. Ses parents, Caetano Vitorino de Faria et de &hellip; <\/p>\n<p class=\"link-more\"><a href=\"https:\/\/www.psy-sarthe.com\/?page_id=449\" class=\"more-link\">Continuer la lecture<span class=\"screen-reader-text\"> de &laquo;&nbsp;Jos\u00e9 de Faria&nbsp;&raquo;<\/span><\/a><\/p>\n","protected":false},"author":1,"featured_media":0,"parent":0,"menu_order":0,"comment_status":"closed","ping_status":"closed","template":"","meta":{"footnotes":""},"class_list":["post-449","page","type-page","status-publish","hentry"],"_links":{"self":[{"href":"https:\/\/www.psy-sarthe.com\/index.php?rest_route=\/wp\/v2\/pages\/449","targetHints":{"allow":["GET"]}}],"collection":[{"href":"https:\/\/www.psy-sarthe.com\/index.php?rest_route=\/wp\/v2\/pages"}],"about":[{"href":"https:\/\/www.psy-sarthe.com\/index.php?rest_route=\/wp\/v2\/types\/page"}],"author":[{"embeddable":true,"href":"https:\/\/www.psy-sarthe.com\/index.php?rest_route=\/wp\/v2\/users\/1"}],"replies":[{"embeddable":true,"href":"https:\/\/www.psy-sarthe.com\/index.php?rest_route=%2Fwp%2Fv2%2Fcomments&post=449"}],"version-history":[{"count":1,"href":"https:\/\/www.psy-sarthe.com\/index.php?rest_route=\/wp\/v2\/pages\/449\/revisions"}],"predecessor-version":[{"id":452,"href":"https:\/\/www.psy-sarthe.com\/index.php?rest_route=\/wp\/v2\/pages\/449\/revisions\/452"}],"wp:attachment":[{"href":"https:\/\/www.psy-sarthe.com\/index.php?rest_route=%2Fwp%2Fv2%2Fmedia&parent=449"}],"curies":[{"name":"wp","href":"https:\/\/api.w.org\/{rel}","templated":true}]}}