{"id":48,"date":"2019-01-02T11:11:29","date_gmt":"2019-01-02T10:11:29","guid":{"rendered":"http:\/\/www.psy-sarthe.com\/?page_id=48"},"modified":"2019-01-10T09:15:21","modified_gmt":"2019-01-10T08:15:21","slug":"phobies-scolaires","status":"publish","type":"page","link":"https:\/\/www.psy-sarthe.com\/?page_id=48","title":{"rendered":"Phobies scolaires"},"content":{"rendered":"<p><span style=\"color: #ff6600;\">Une phobie, c\u2019est quoi ?<\/span><\/p>\n<p><span style=\"color: #ff6600;\">C\u2019est une peur immense, incontr\u00f4lable et inexplicable \u00e0 premi\u00e8re vue. C\u2019est un trouble psychologique.<\/span><\/p>\n<p><span style=\"color: #ff6600;\">&nbsp;<\/span><span style=\"color: #ff6600;\">Mais que sait-on de la phobie scolaire ?<\/span><\/p>\n<p><span style=\"color: #ff6600;\">&nbsp;<\/span><span style=\"color: #ff6600;\">Cette forme de phobie est assez fr\u00e9quente chez les enfants et les ados.<\/span><\/p>\n<p><span style=\"color: #ff6600;\">Au d\u00e9but cette phobie se traduit par un \u00e9vitement progressif de l\u2019\u00e9cole, du lyc\u00e9e ou m\u00eame de l\u2019universit\u00e9. A l\u2019heure du lever, les enfants se plaignent alors de douleurs au ventre ou d\u2019autres sortes de maux, pour pouvoir rester dans leur lit pas simplement par paresse mais par r\u00e9elle peur d\u2019affronter l\u2019\u00e9cole. Pour les ados, il n\u2019est pas rare de les voir rentrer \u00e0 la maison pr\u00e9textant que comme ils \u00e9taient en retard ils ne voulaient pas d\u00e9ranger le cours, et de trouver des arguments comme \u201cde toute fa\u00e7on il n\u2019y avait presque rien aujourd\u2019hui\u201d, ou \u201c\u00e7a va me permettre de r\u00e9viser mon contr\u00f4le de demain\u201d. Au d\u00e9but les absences sont espac\u00e9es puis elles se rapprochent de plus en plus, car au fur et \u00e0 mesure, l\u2019id\u00e9e d\u2019aller \u00e0 l\u2019\u00e9cole est de plus en plus angoissante. Le fait de vouloir les obliger \u00e0 aller en cours se finit le plus souvent par des grandes crises d\u2019angoisse et de larmes. Les crises d\u2019angoisse se manifestent par des r\u00e9actions tr\u00e8s violentes aussi bien sur le plan psychologique que physique, comme une grande difficult\u00e9 \u00e0 respirer, une tachycardie, des \u00e9vanouissements ou m\u00eame des conduites suicidaires.<\/span><\/p>\n<p><span style=\"color: #ff6600;\">On ne peut pas obliger une personne phobique \u00e0 affronter sa phobie et, sans une aide psychologique, la phobie scolaire peut parfois prendre des formes graves, comme une d\u00e9scolarisation compl\u00e8te. Il arrive que certains ados passent des ann\u00e9es scolaires enti\u00e8res \u00e0 prendre des cours particuliers chez eux, sans voir aucun ami. La question de l\u2019avenir se pose alors. Le risque \u00e9tant l\u2019incapacit\u00e9 \u00e0 vivre en soci\u00e9t\u00e9, \u00e0 travailler, \u00e0 avoir des relations sociales et affectives.<\/span><\/p>\n<p><span style=\"color: #ff6600;\">Pour les tr\u00e8s jeunes enfants, la cause psychologique est souvent un attachement trop fort aux parents et le d\u00e9sir de ne pas grandir, mais dans les autres cas, les causes psychologiques sont plus profondes et difficiles \u00e0 comprendre aussi bien par la famille et les amis que par celui ou celle qui souffre de phobie scolaire. Certaines situations peuvent accentuer des tendances phobiques, comme le fait d\u2019avoir subi des agressions en dehors ou au sein de l\u2019\u00e9tablissement scolaire, ou des situations d\u2019\u00e9chec r\u00e9p\u00e9t\u00e9es.<\/span><\/p>\n<p><span style=\"color: #ff6600;\">Dans tous les cas, quand on commence \u00e0 avoir peur de choses, que l\u2019on faisait auparavant naturellement, il est important d\u2019en parler, m\u00eame si ces peurs paraissent parfois saugrenues. Pour parler de ces probl\u00e8mes, il est pr\u00e9f\u00e9rable de choisir une personne neutre, une personne qui a l\u2019habitude de ces troubles, et qui sait comment les traiter.<\/span><\/p>\n<p><span style=\"color: #ff6600;\">C\u2019est quand une peur n\u2019est pas verbalis\u00e9e qu\u2019elle a le plus de chance de devenir une phobie.<\/span><\/p>\n","protected":false},"excerpt":{"rendered":"<p>Une phobie, c\u2019est quoi ? C\u2019est une peur immense, incontr\u00f4lable et inexplicable \u00e0 premi\u00e8re vue. C\u2019est un trouble psychologique. &nbsp;Mais que sait-on de la phobie scolaire ? &nbsp;Cette forme de phobie est assez fr\u00e9quente chez les enfants et les ados. Au d\u00e9but cette phobie se traduit par un \u00e9vitement progressif de l\u2019\u00e9cole, du lyc\u00e9e ou &hellip; <\/p>\n<p class=\"link-more\"><a href=\"https:\/\/www.psy-sarthe.com\/?page_id=48\" class=\"more-link\">Continuer la lecture<span class=\"screen-reader-text\"> de &laquo;&nbsp;Phobies scolaires&nbsp;&raquo;<\/span><\/a><\/p>\n","protected":false},"author":1,"featured_media":0,"parent":5,"menu_order":0,"comment_status":"closed","ping_status":"open","template":"","meta":{"footnotes":""},"class_list":["post-48","page","type-page","status-publish","hentry"],"_links":{"self":[{"href":"https:\/\/www.psy-sarthe.com\/index.php?rest_route=\/wp\/v2\/pages\/48","targetHints":{"allow":["GET"]}}],"collection":[{"href":"https:\/\/www.psy-sarthe.com\/index.php?rest_route=\/wp\/v2\/pages"}],"about":[{"href":"https:\/\/www.psy-sarthe.com\/index.php?rest_route=\/wp\/v2\/types\/page"}],"author":[{"embeddable":true,"href":"https:\/\/www.psy-sarthe.com\/index.php?rest_route=\/wp\/v2\/users\/1"}],"replies":[{"embeddable":true,"href":"https:\/\/www.psy-sarthe.com\/index.php?rest_route=%2Fwp%2Fv2%2Fcomments&post=48"}],"version-history":[{"count":2,"href":"https:\/\/www.psy-sarthe.com\/index.php?rest_route=\/wp\/v2\/pages\/48\/revisions"}],"predecessor-version":[{"id":285,"href":"https:\/\/www.psy-sarthe.com\/index.php?rest_route=\/wp\/v2\/pages\/48\/revisions\/285"}],"up":[{"embeddable":true,"href":"https:\/\/www.psy-sarthe.com\/index.php?rest_route=\/wp\/v2\/pages\/5"}],"wp:attachment":[{"href":"https:\/\/www.psy-sarthe.com\/index.php?rest_route=%2Fwp%2Fv2%2Fmedia&parent=48"}],"curies":[{"name":"wp","href":"https:\/\/api.w.org\/{rel}","templated":true}]}}